.
11, 23, 49477
What are the prime factors of 2616151?
853, 3067
List the prime factors of 5034208.
2, 61, 2579
List the prime factors of 7859643.
3, 11, 238171
What are the prime factors of 334854?
2, 3, 13, 53
What are the prime factors of 7913812?
2, 283, 6991
What are the prime factors of 387390?
2, 3, 5, 37, 349
What are the prime factors of 28169113?
7, 347, 11597
What are the prime factors of 385205?
5, 77041
List the prime factors of 147872.
2, 4621
List the prime factors of 3343044.
2, 3, 61, 4567
List the prime factors of 462483.
3, 7, 2447
What are the prime factors of 458164?
2, 7, 16363
What are the prime factors of 3748927?
7, 13, 3169
List the prime factors of 20128442.
2, 17, 263, 2251
List the prime factors of 210951.
3, 13, 601
What are the prime factors of 355938?
2, 3, 11, 5393
List the prime factors of 847648.
2, 26489
What are the prime factors of 29701?
7, 4243
What are the prime factors of 125781?
3, 41927
List the prime factors of 1106132.
2, 43, 59, 109
What are the prime factors of 112489?
13, 17, 509
List the prime factors of 278182.
2, 139091
What are the prime factors of 435046?
2, 37, 5879
List the prime factors of 6743707.
337, 20011
What are the prime factors of 1798689?
3, 103, 5821
List the prime factors of 755828.
2, 188957
List the prime factors of 232693.
19, 37, 331
What are the prime factors of 3548973?
3, 31, 1231
List the prime factors of 92937.
3, 13, 2383
List the prime factors of 6950.
2, 5, 139
List the prime factors of 16433115.
3, 5, 1095541
What are the prime factors of 512673?
3, 7, 24413
List the prime factors of 3093191.
881, 3511
What are the prime factors of 387772?
2, 7, 11, 1259
List the prime factors of 5403348.
2, 3, 17, 109
List the prime factors of 549796.
2, 13, 97, 109
What are the prime factors of 58847?
83, 709
What are the prime factors of 536172?
2, 3, 7, 13, 491
What are the prime factors of 3179068?
2, 17, 46751
What are the prime factors of 3442525?
5, 23, 5987
What are the prime factors of 17646700?
2, 5, 176467
What are the prime factors of 17379696?
2, 3, 127, 2851
What are the prime factors of 14093955?
3, 5, 41, 7639
List the prime factors of 153966.
2, 3, 67, 383
What are the prime factors of 3767741?
3767741
What are the prime factors of 186838?
2, 93419
List the prime factors of 3483774.
2, 3, 7, 43, 643
List the prime factors of 49790.
2, 5, 13, 383
What are the prime factors of 18591757?
18591757
List the prime factors of 9118095.
3, 5, 7, 37, 2347
What are the prime factors of 13631868?
2, 3, 113, 1117
What are the prime factors of 3369319?
3369319
What are the prime factors of 384976?
2, 24061
What are the prime factors of 125952?
2, 3, 41
What are the prime factors of 9943067?
9943067
What are the prime factors of 26449782?
2, 3, 103, 127, 337
List the prime factors of 9715558.
2, 47, 103357
What are the prime factors of 4706854?
2, 31, 89, 853
List the prime factors of 219945.
3, 5, 11, 31, 43
What are the prime factors of 497962?
2, 248981
List the prime factors of 8636381.
13, 127, 5231
What are the prime factors of 85479?
3, 28493
What are the prime factors of 101377?
101377
List the prime factors of 3879178.
2, 107, 18127
What are the prime factors of 767941?
17, 199, 227
List the prime factors of 3756055.
5, 37, 79, 257
What are the prime factors of 3988911?
3, 1329637
List the prime factors of 203001.
3, 157, 431
List the prime factors of 3266862.
2, 3, 544477
List the prime factors of 93336.
2, 3, 3889
List the prime factors of 409596.
2, 3, 11, 29, 107
List the prime factors of 302589.
3, 7, 1601
What are the prime factors of 4270?
2, 5, 7, 61
List the prime factors of 1113369.
3, 131, 2833
List the prime factors of 212275.
5, 7, 1213
List the prime factors of 894011.
894011
List the prime factors of 265944.
2, 3, 7, 1583
What are the prime factors of 7178524?
2, 257, 6983
List the prime factors of 23381565.
3, 5, 1558771
List the prime factors of 1021625.
5, 11, 743
What are the prime factors of 1317999?
3, 461, 953
What are the prime factors of 94064?
2, 5879
List the prime factors of 331554.
2, 3, 55259
What are the prime factors of 1362326?
2, 7, 31, 43, 73
List the prime factors of 1271768.
2, 43, 3697
What are the prime factors of 912991?
912991
List the prime factors of 10287850.
2, 5, 37, 67, 83
What are the prime factors of 365849?
11, 79, 421
List the prime factors of 887475.
3, 5, 11833
List the prime factors of 2265469.
2265469
List the prime factors of 1358986.
2, 41, 16573
List the prime factors of 3648819.
3, 1216273
List the prime factors of 160033.
160033
What are the prime factors of 3693443?
13, 284111
List the prime factors of 79764.
2, 3, 17, 23
List the prime factors of 18725910.
2, 3, 5, 7, 23, 3877
What are the prime factors of 836676?
2, 3, 61, 127
What are the prime factors of 3586060?
2, 5, 19, 9437
List the prime factors of 691498.
2, 345749
List the prime factors of 412385.
5, 67, 1231
What are the prime factors of 1433443?
11, 151, 863
List the prime factors of 12341430.
2, 3, 5, 43, 1063
List the prime factors of 301636.
2, 73, 1033
List the prime factors of 83114.
2, 29, 1433
List the prime factors of 72655.
5, 11, 1321
What are the prime factors of 7581318?
2, 3, 67, 18859
List the prime factors of 1688019.
3, 562673
What are the prime factors of 331956?
2, 3, 9221
What are the prime factors of 377779?
377779
List the prime factors of 1166220.
2, 3, 5, 11, 19, 31
What are the prime factors of 2954398?
2, 787, 1877
List the prime factors of 1876059.
3, 149, 1399
List the prime factors of 175806.
2, 3, 9767
List the prime factors of 12736297.
7, 1819471
What are the prime factors of 263083?
263083
List the prime factors of 212914.
2, 13, 19, 431
List the prime factors of 404668.
2, 11, 17, 541
What are the prime factors of 955717?
7, 136531
What are the prime factors of 13142159?
199, 66041
What are the prime factors of 1225763?
7, 11, 15919
List the prime factors of 265519.
79, 3361
List the prime factors of 249296.
2, 15581
What are the prime factors of 73068?
2, 3, 6089
What are the prime factors of 8387816?
2, 19, 139, 397
What are the prime factors of 151477?
151477
List the prime factors of 2003304.
2, 3, 83471
What are the prime factors of 2707?
2707
What are the prime factors of 4168473?
3, 1389491
List the prime factors of 4154592.
2, 3, 13, 3329
List the prime factors of 4103585.
5, 97, 8461
List the prime factors of 1413971.
13, 23, 4729
List the prime factors of 3709680.
2, 3, 5, 13, 29, 41
List the prime factors of 15205576.
2, 23, 3593
What are the prime factors of 19948500?
2, 3, 5, 11, 13, 31
What are the prime factors of 16107339?
3, 571, 9403
What are the prime factors of 1219728?
2, 3, 25411
List the prime factors of 672736.
2, 21023
What are the prime factors of 32378?
2, 16189
What are the prime factors of 1309325?
5, 83, 631
What are the prime factors of 1335942?
2, 3, 74219
What are the prime factors of 1962150?
2, 3, 5, 103, 127
What are the prime factors of 3103563?
3, 727, 1423
What are the prime factors of 393663?
3, 131221
What are the prime factors of 3931793?
83, 127, 373
What are the prime factors of 1930994?
2, 13, 29, 197
List the prime factors of 313444.
2, 23, 3407
List the prime factors of 1715610.
2, 3, 5, 13, 53, 83
List the prime factors of 232165.
5, 59, 787
What are the prime factors of 2180108?
2, 7, 227
What are the prime factors of 1419901?
7, 193, 1051
What are the prime factors of 420489?
3, 19, 2459
What are the prime factors of 13915522?
2, 257, 27073
What are the prime factors of 857842?
2, 349, 1229
What are the prime factors of 91128?
2, 3, 3797
What are the prime factors of 5285268?
2, 3, 19, 7727
What are the prime factors of 289035?
3, 5, 2141
What are the prime factors of 1423511?
1423511
List the prime factors of 111216.
2, 3, 7, 331
List the prime factors of 342409.
43, 7963
List the prime factors of 920663.
29, 53, 599
List the prime factors of 16846239.
3, 43, 3037
List the prime factors of 1868045.
5, 17, 21977
List the prime factors of 625898.
2, 7, 13, 19, 181
What are the prime factors of 5257996?
2, 37, 35527
List the prime factors of 30382.
2, 11, 1381
What are the prime factors of 13169369?
457, 28817
List the prime factors of 4178187.
3, 13, 41, 67
List